a multiple of 184?
False
Is 36698263 a multiple of 43?
False
Is 62 a factor of 1100473898?
True
Does 42 divide 43293942?
False
Is 6363160 a multiple of 1370?
False
Is 71284430 a multiple of 1645?
True
Is 86 a factor of 5058150?
False
Does 41 divide 24194674?
True
Is 502 a factor of 147904762?
True
Is 2595 a factor of 13595205?
True
Does 3541 divide 339635944?
False
Is 4371840 a multiple of 198?
True
Does 26 divide 19325968?
False
Is 251 a factor of 762671030?
True
Is 222 a factor of 17717376?
True
Is 591 a factor of 1861116784?
False
Is 174 a factor of 27801508?
False
Is 58 a factor of 723173522?
True
Does 13 divide 25284461?
False
Is 234299321 a multiple of 55?
False
Is 781729600 a multiple of 6284?
True
Does 43 divide 356541507?
False
Does 7 divide 19269474?
True
Is 525 a factor of 4812553?
False
Is 16829824 a multiple of 704?
True
Does 42 divide 6620389?
False
Does 51 divide 566114484?
True
Is 33871152 a multiple of 84?
True
Is 869656 a multiple of 10?
False
Is 120 a factor of 280922400?
True
Is 1239468320 a multiple of 10?
True
Is 7 a factor of 592682216?
True
Does 10 divide 209743822?
False
Does 2928 divide 81262526?
False
Does 847 divide 73641517?
False
Does 4 divide 59977063?
False
Does 1069 divide 1267419228?
True
Is 273792960 a multiple of 3?
True
Is 21 a factor of 244929177?
False
Does 10 divide 218425457?
False
Is 12 a factor of 286045665?
False
Does 18 divide 280105901?
False
Does 2723 divide 2806408213?
True
Is 338932944 a multiple of 38?
True
Is 398968061 a multiple of 92?
False
Is 2 a factor of 68860764?
True
Is 2405793624 a multiple of 26?
True
Does 1341 divide 59758682?
False
Does 548 divide 2295559688?
False
Does 2749 divide 75668188?
False
Is 24134530 a multiple of 14?
True
Does 3 divide 17646903?
True
Is 172533441 a multiple of 2168?
False
Is 2085322 a multiple of 34?
True
Does 2640 divide 85256629?
False
Is 121817520 a multiple of 135?
True
Is 4 a factor of 43203024?
True
Does 9 divide 935759147?
False
Is 522930397 a multiple of 2522?
False
Is 5369 a factor of 804485543?
False
Is 14 a factor of 413839251?
False
Is 52 a factor of 522606708?
True
Is 353251005 a multiple of 3440?
False
Is 232 a factor of 5307696?
True
Is 15219557 a multiple of 504?
False
Is 28 a factor of 62738602?
False
Is 35 a factor of 26249685?
True
Is 188 a factor of 56633393?
False
Is 12532370 a multiple of 155?
True
Is 13468134 a multiple of 875?
False
Does 155 divide 21474475?
True
Is 44784340 a multiple of 146?
False
Is 50 a factor of 36534711?
False
Is 198 a factor of 523118970?
True
Does 8 divide 56349280?
True
Is 4 a factor of 19100491?
False
Is 58 a factor of 20899082?
True
Is 21 a factor of 425000079?
True
Is 9791397 a multiple of 1393?
True
Is 26 a factor of 13478060?
False
Is 153127900 a multiple of 179?
False
Is 2930265 a multiple of 9?
True
Is 16 a factor of 762707829?
False
Does 126 divide 15572154?
False
Is 213 a factor of 19077132?
True
Does 1063 divide 138519336?
False
Does 110 divide 386402280?
True
Does 4 divide 13630128?
True
Is 1875220990 a multiple of 264?
False
Is 1664405223 a multiple of 4173?
True
Is 553 a factor of 91301615?
False
Does 588 divide 44953260?
False
Does 617 divide 147402913?
False
Is 459919849 a multiple of 13?
False
Is 7093907 a multiple of 3248?
False
Does 5272 divide 628722752?
False
Is 115 a factor of 800779970?
False
Does 307 divide 119564220?
True
Does 453 divide 1256666394?
True
Is 26 a factor of 374005927?
False
Is 37 a factor of 59832885?
True
Is 7 a factor of 7129162?
False
Is 53 a factor of 5382196?
False
Is 17230634 a multiple of 23?
True
Does 12 divide 1627721?
False
Is 1139789232 a multiple of 32?
False
Is 345580939 a multiple of 5202?
False
Is 357 a factor of 1258990845?
True
Does 233 divide 3777629?
True
Is 1862 a factor of 217194852?
True
Is 16548704 a multiple of 1174?
True
Is 835 a factor of 641784094?
False
Is 134148602 a multiple of 14?
True
Is 44259440 a multiple of 295?
True
Is 250 a factor of 80327103?
False
Does 793 divide 1355269513?
True
Is 161 a factor of 5056081?
False
Does 2093 divide 481088608?
True
Is 1524568354 a multiple of 11846?
True
Is 16 a factor of 24600032?
True
Does 68 divide 3057669?
False
Does 68 divide 7754652?
True
Does 89 divide 716446618?
True
Does 362 divide 15116758?
True
Is 665 a factor of 1326666355?
True
Is 152773255 a multiple of 1231?
True
Is 8072 a factor of 3988714224?
True
Is 84288470 a multiple of 5?
True
Does 1257 divide 85517681?
False
Is 578 a factor of 288297152?
True
Does 53 divide 30762362?
False
Does 423 divide 15431290?
False
Is 22 a factor of 315409259?
False
Is 217 a factor of 47057778?
False
Does 542 divide 487928634?
False
Is 37386080 a multiple of 40?
True
Does 38 divide 3107184?
True
Does 20 divide 339424397?
False
Is 8 a factor of 172813453?
False
Is 55138080 a multiple of 29?
False
Does 197 divide 4557263600?
False
Does 122 divide 1941656096?
False
Does 12 divide 23453220?
True
Is 788279635 a multiple of 2035?
True
Does 1348 divide 2673201276?
True
Does 9 divide 18178289?
False
Is 1383247437 a multiple of 162?
False
Is 83778394 a multiple of 184?
False
Does 436 divide 225974484?
False
Does 331 divide 94438987?
False
Is 7 a factor of 424874093?
True
Is 4415023693 a multiple of 721?
False
Does 2420 divide 82938448?
False
Is 2403 a factor of 1143215235?
True
Does 13 divide 1395136425?
False
Is 408 a factor of 32835631?
False
Does 1515 divide 3687811485?
True
Does 2428 divide 1108022935?
False
Is 3495858296 a multiple of 1271?
False
Is 6522 a factor of 808317114?
True
Is 234837926 a multiple of 9?
False
Is 65878423 a multiple of 587?
True
Is 39 a factor of 124875153?
True
Is 9919093 a multiple of 165?
False
Does 234 divide 1637494560?
True
Is 330567111 a multiple of 3297?
True
Does 4610 divide 3715710710?
True
Is 9684635 a multiple of 49?
False
Is 9 a factor of 201959019?
True
Is 725470918 a multiple of 470?
False
Does 21 divide 453746181?
True
Does 120 divide 19588560?
True
Is 2636 a factor of 135520213?
False
Is 4783684 a multiple of 673?
True
Does 196 divide 42809532?
False
Does 2 divide 66416642?
True
Is 3777 a factor of 604032948?
True
Is 88143853 a multiple of 4?
False
Does 174 divide 226411236?
True
Is 579 a factor of 4385266677?
True
Does 241 divide 460921079?
False
Is 1601 a factor of 10017504?
False
Does 513 divide 11936997?
True
Is 5 a factor of 6168648?
False
Is 126 a factor of 3847536?
True
Does 785 divide 8739274?
False
Is 206046108 a multiple of 6?
True
Is 28673526 a multiple of 119?
True
Is 26 a factor of 103051364?
True
Does 810 divide 399182580?
True
Does 240 divide 168732480?
True
Is 208860132 a multiple of 142?
True
Is 1045684647 a multiple of 3969?
True
Is 115888833 a multiple of 83?
True
Does 52 divide 29373416?
False
Is 71003844 a multiple of 2403?
True
Is 4 a factor of 7819443?
False
Is 13 a factor of 573342572?
False
Does 37 divide 105308782?
False
Does 887 divide 12820119?
False
Is 19 a factor of 752037005?
True
Does 646 divide 50596834?
False
Is 40 a factor of 6635452?
False
Is 74040145 a multiple of 185?
True
Is 16396086 a multiple of 1029?
True
Is 21657972 a multiple of 4?
True
Does 2 divide 3485874?
True
Does 576 divide 68624064?
True
Is 1231 a factor of 202924195?
True
Is 202 a factor of 52581974?
False
Is 17 a factor of 445009229?
False
Does 4589 divide 741285113?
False
Does 230 divide 17702870?
True
Is 639 a factor of 20675115?
False
Does 82 divide 1938263209?
False
Is 22 a factor of 46824145?
False
Does 392 divide 50582884?
False
Is 68 a factor of 7484352?
True
Is 9740346 a multiple of 727?
True
Is 18296640 a multiple of 703?
False
Does 607 divide 262097137?
True
Does 8767 divide 277379113?
True
Does 158 divide 38374413?
False
Is 619 a factor of 1045529378?
True
Is 46539928 a multiple of 9?
False
Is 18 a factor of 35541973?
False
Is 1825480039 a multiple of 72?
False
Is 24 a factor of 12701141?
False
Is 302 a factor of 392262062?
True
Is 1823224545 a multiple of 15?
True
Is 92697491 a multiple of 388?
False
Does 17 divide 277297914?
True
Is 74786829 a multiple of 1599?
True
Is 3420666889 a multiple of 233?
False
Is 183350760 a multiple of 295?
True
Does 124 divide 68594568?
True
Is 85147315 a multiple of 167?
False
Is 10 a factor of 20345960?
True
Is 326970245 a multiple of 25?
False
Does 10 divide 27845575?